alse
Is 13247 a multiple of 15?
False
Does 15 divide 2265?
True
Is 10 a multiple of 5?
True
Does 10 divide 2311?
False
Is 144 a multiple of 6?
True
Is 27756 a multiple of 38?
False
Is 22 a factor of 1156?
False
Is 1652 a multiple of 29?
False
Is 6 a factor of 408?
True
Is 283 a multiple of 11?
False
Does 35 divide 10570?
True
Is 38304 a multiple of 72?
True
Does 397 divide 56771?
True
Is 28 a multiple of 21?
False
Is 8900 a multiple of 50?
True
Is 9 a factor of 10557?
True
Is 25 a factor of 2075?
True
Does 14 divide 21197?
False
Is 18 a factor of 3654?
True
Is 70 a factor of 20225?
False
Is 18277 a multiple of 23?
False
Is 1153 a multiple of 38?
False
Does 12 divide 6643?
False
Does 232 divide 52578?
False
Is 45149 a multiple of 146?
False
Is 33948 a multiple of 246?
True
Is 74 a factor of 8872?
False
Is 58 a factor of 2638?
False
Is 29 a factor of 899?
True
Does 10 divide 6370?
True
Is 36 a factor of 31833?
False
Is 144 a multiple of 4?
True
Is 17684 a multiple of 12?
False
Does 13 divide 11037?
True
Is 18 a factor of 828?
True
Is 8 a factor of 6174?
False
Does 2 divide 2442?
True
Is 51 a factor of 1145?
False
Is 812 a multiple of 58?
True
Does 23 divide 759?
True
Is 43 a factor of 1720?
True
Does 50 divide 4850?
True
Does 3 divide 8644?
False
Is 95 a factor of 1425?
True
Is 20 a factor of 647?
False
Does 16 divide 5248?
True
Is 1792 a multiple of 16?
True
Is 5 a factor of 424?
False
Is 7 a factor of 21?
True
Is 4 a factor of 5116?
True
Is 43613 a multiple of 326?
False
Does 5 divide 255?
True
Does 94 divide 8648?
True
Does 18 divide 66459?
False
Does 5 divide 670?
True
Does 138 divide 14878?
False
Does 11 divide 21450?
True
Is 6911 a multiple of 12?
False
Is 17 a factor of 12104?
True
Is 3731 a multiple of 5?
False
Is 16802 a multiple of 13?
False
Is 58 a multiple of 13?
False
Does 22 divide 374?
True
Does 5 divide 3425?
True
Is 335 a multiple of 30?
False
Does 5 divide 499?
False
Does 17 divide 306?
True
Is 17 a factor of 12434?
False
Is 596 a multiple of 6?
False
Is 20 a factor of 1780?
True
Is 38357 a multiple of 55?
False
Is 17 a factor of 3332?
True
Is 29 a factor of 845?
False
Does 10 divide 7850?
True
Is 6731 a multiple of 25?
False
Is 3829 a multiple of 3?
False
Is 30 a factor of 44742?
False
Is 13 a factor of 1170?
True
Is 13 a factor of 22451?
True
Is 8352 a multiple of 116?
True
Does 55 divide 5107?
False
Does 7 divide 6397?
False
Is 4587 a multiple of 107?
False
Does 13 divide 3042?
True
Does 6 divide 12444?
True
Is 4905 a multiple of 45?
True
Is 6 a factor of 8850?
True
Is 116 a factor of 30729?
False
Is 30 a factor of 4281?
False
Is 90 a factor of 18150?
False
Is 62815 a multiple of 17?
True
Is 15 a factor of 465?
True
Is 7 a factor of 721?
True
Does 11 divide 278?
False
Is 2398 a multiple of 109?
True
Does 10 divide 7612?
False
Is 38 a multiple of 6?
False
Is 31 a factor of 31?
True
Is 9069 a multiple of 12?
False
Is 15 a factor of 12078?
False
Is 45 a factor of 851?
False
Does 10 divide 581?
False
Is 820 a multiple of 10?
True
Does 7 divide 408?
False
Does 6 divide 36?
True
Does 62 divide 3007?
False
Is 14790 a multiple of 10?
True
Is 624 a multiple of 5?
False
Is 68 a factor of 1700?
True
Does 42 divide 11634?
True
Is 9 a factor of 681?
False
Is 709 a multiple of 34?
False
Is 15 a factor of 599?
False
Is 155 a multiple of 65?
False
Is 4913 a multiple of 44?
False
Does 47 divide 54285?
True
Is 11923 a multiple of 17?
False
Is 8 a factor of 400?
True
Is 37 a factor of 648?
False
Is 22 a factor of 77946?
True
Does 26 divide 1258?
False
Does 73 divide 2096?
False
Does 18 divide 4550?
False
Does 9 divide 684?
True
Does 8 divide 6680?
True
Is 139 a multiple of 60?
False
Does 122 divide 2524?
False
Does 23 divide 18469?
True
Is 20 a factor of 8100?
True
Is 19 a factor of 469?
False
Does 61 divide 3778?
False
Is 2245 a multiple of 8?
False
Is 39 a factor of 1256?
False
Does 11 divide 1056?
True
Is 22 a factor of 2112?
True
Is 10482 a multiple of 39?
False
Is 13149 a multiple of 38?
False
Is 13 a factor of 780?
True
Is 1631 a multiple of 7?
True
Is 142 a multiple of 19?
False
Is 128 a factor of 8348?
False
Does 11 divide 233?
False
Is 150 a multiple of 5?
True
Does 5 divide 645?
True
Is 82 a factor of 322?
False
Does 23 divide 755?
False
Is 13 a factor of 3226?
False
Does 138 divide 25944?
True
Does 3 divide 340?
False
Is 171 a factor of 14022?
True
Is 171 a multiple of 11?
False
Is 14 a factor of 47026?
True
Is 8 a factor of 78824?
True
Is 6624 a multiple of 119?
False
Is 1093 a multiple of 24?
False
Is 36 a factor of 4680?
True
Is 380 a multiple of 4?
True
Does 13 divide 22800?
False
Does 112 divide 9061?
False
Is 3 a factor of 496?
False
Is 149 a factor of 9841?
False
Is 4923 a multiple of 3?
True
Is 62 a factor of 1674?
True
Is 8 a factor of 24424?
True
Does 20 divide 1089?
False
Is 19 a factor of 7062?
False
Is 71 a factor of 11289?
True
Is 49 a factor of 14539?
False
Does 124 divide 16255?
False
Does 85 divide 10795?
True
Is 12933 a multiple of 22?
False
Does 124 divide 4836?
True
Is 27 a factor of 12010?
False
Is 11609 a multiple of 13?
True
Does 7 divide 651?
True
Is 8 a factor of 8?
True
Is 11484 a multiple of 39?
False
Is 1977 a multiple of 8?
False
Is 36 a factor of 4125?
False
Does 169 divide 10766?
False
Is 79 even?
False
Does 30 divide 4229?
False
Does 82 divide 2067?
False
Is 13 a factor of 26?
True
Does 23 divide 13068?
False
Is 5 a factor of 3930?
True
Is 2425 a multiple of 20?
False
Is 30 a factor of 8490?
True
Does 7 divide 291?
False
Is 43 a multiple of 2?
False
Does 5 divide 760?
True
Is 1180 a multiple of 14?
False
Is 990 a multiple of 22?
True
Does 52 divide 52?
True
Does 50 divide 3323?
False
Is 8928 a multiple of 32?
True
Is 1021 a multiple of 65?
False
Does 9 divide 11581?
False
Does 78 divide 11466?
True
Does 19 divide 5908?
False
Does 75 divide 40200?
True
Is 44520 a multiple of 30?
True
Is 17 a factor of 544?
True
Is 48 a factor of 2736?
True
Is 27 a factor of 5886?
True
Is 72 a factor of 5760?
True
Is 10120 a multiple of 184?
True
Is 16 a factor of 15152?
True
Does 13 divide 1625?
True
Does 29 divide 12470?
True
Is 31 a factor of 3224?
True
Is 243 a multiple of 60?
False
Is 17 a factor of 8722?
False
Is 4 a factor of 199?
False
Does 6 divide 1555?
False
Is 2443 a multiple of 50?
False
Is 6 a factor of 864?
True
Does 10 divide 46210?
True
Is 8 a factor of 1842?
False
Does 16 divide 85?
False
Does 185 divide 39960?
True
Is 131 a factor of 1965?
True
Does 71 divide 22649?
True
Does 6 divide 1878?
True
Does 17 divide 374?
True
Does 77 divide 4004?
True
Does 92 divide 18346?
False
Is 165 a factor of 10421?
False
Is 31 a factor of 3800?
False
Is 7408 a multiple of 6?
False
Is 448 a factor of 86515?
False
Is 26 a factor of 78?
True
Is 1083 a multiple of 23?
False
Does 39 divide 9825?
False
Does 27 divide 432?
True
Is 106 a multiple of 2?
True
Is 13 a factor of 663?
True
Is 40523 a multiple of 15?
False
Is 37 a factor of 3034?
True
Is 37569 a multiple of 21?
True
Does 16 divide 2080?
True
Is 4 a factor of 121?
False
Is 6 a factor of 8744?
False
Does 20 divide 6740?
True
Does 44 divide 3827?
False
Is 4432 a multiple of 64?
False
Is 12416 a multiple of 16?
True
Is 779 a multiple of 9?
False
Is 400 a multiple of 20?
True
Does 50 divide 1300?
True
Does 18 divide 20451?
False
Is 14 a factor of 10217?
False
Does 2 divide 3288?
True
Does 12 divide 16008?
True
Does 43 divide 20207?
False
Is 5240 a multiple of 20?
True
Is 4058 a multiple of 111?
False
Does 49 divide 682?
False
Is 8271 a multiple of 9?
True
Does 103 divide 24205?
True
Is 5 a factor of 586?
False
Is 125 a multiple of 7?
False
Is 43163 a multiple of 12?
False
Is 11 a factor of 1283?
False
Is 13 a factor of 520?
True
Is 11 a factor of 17635?
False
Does 39 divide 18597?
False
Does 5 divide 134?
False
Is 25 a factor of 2700?
True
Is 108808 a multiple of 105?
False
Is 2030 a multiple of 7?
True
Is 4 a factor of 287?
False
Does 40 divide 1600?
True
Does 32 divide 811?
False
Does 29 divide 145?
True
Is 9 a factor of 234?
True
Is 5 a factor of 272?
False
Is 26547 a multiple of 47?
False
Is 19 a factor of 9028?
False
Is 47 a factor of 3243?
True
Is 910 a multiple of 13?
True
Does 6 divide 15675?
False
Does 21 divide 185089?
False
Does 33 divide 3201?
True
Does